1372, 5*w - j - 1808 = 0. Let u = w - 370. Let i(z) = -z**2 - 12*z - 11. What is i(u)?
21
Suppose 0 = 4*k + 7 - 3, -36 = 4*g + 4*k. Let w(m) = m + 3. Let s(d) = -4*d - 8. Let b(y) = g*w(y) - 3*s(y). What is b(-1)?
-4
Let x(t) = -3*t**3 + 6*t**2 - 2*t - 7. Suppose 12*y + 35*y + 37 = 225. Give x(y).
-111
Let a be 26/(-7) - 2/7. Let c(s) be the first derivative of -1/2*s**2 + s - 61. Calculate c(a).
5
Let m(b) = -3*b - 25. Let i(j) = j. Let k(o) = 2*i(o) - m(o). Let r be k(-4). Let x(z) = -12*z**3 - r + 27*z**3 - 16*z**3 + 17. What is x(0)?
12
Let h(f) = 14*f - 120. Let k be h(9). Let o(z) be the first derivative of -z**4/4 + 5*z**3/3 + 5*z**2 - 8*z + 7. Determine o(k).
16
Let h(d) = -101 + 33 + 30 - 7*d + 21 + 22. What is h(-7)?
54
Let z = -514 - -519. Let g(u) = -u**3 + 12*u**2 + 6*u + 6. Let b(v) = 3*v**3 - 27*v**2 - 14*v - 12. Let f(n) = z*g(n) + 2*b(n). Give f(-7).
-57
Let w be 6 - 3/(-18)*-6. Let l(m) = -m - 5. Let k be l(w). Let v(z) = -3*z + 2. Let y(q) = 2*q - 2. Let p(b) = 3*v(b) + 4*y(b). Calculate p(k).
8
Let t(i) = -20*i**2 - 5*i - 37. Let s(u) = 3*u**2 - u + 6. Let q(z) = 7*s(z) + t(z). Calculate q(3).
-22
Let l(m) = m**3 + 20*m**2 - 22*m - 18. Let w be (882/84)/((-2)/4). Determine l(w).
3
Let n(o) = -7*o**2 - o + 22 - 6 - 16. Let x(t) = -6*t**2 - t. Let r(q) = -5*n(q) + 6*x(q). Give r(2).
-6
Let o be 3/30 + 99199/(-190). Let b = o + 515. Let x(j) = 5*j**3 - 13*j**2 + 5*j + 5. Let l(h) = -h**3 + h**2 - h. Let d(z) = 6*l(z) + x(z). Determine d(b).
12
Let f(q) be the third derivative of q**6/120 + q**5/60 + 13*q**4/24 + 17*q**3/3 - 9287*q**2. Calculate f(-2).
4
Suppose -5*d = -2*w + 3, -3*w + 17*d = 16*d - 24. Let y(s) be the first derivative of -s + 3/2*s**2 - 1/3*s**3 - w. Determine y(4).
-5
Let p(y) = -33*y**3 - 2*y**2 + 5*y - 4. Suppose 2*b = 10, 4*x + 4*b = 13 + 11. Determine p(x).
-34
Let a(f) = f + 1. Suppose j = 3*x + 4*j, -1 = 4*x + 3*j. Let q(n) = n. Let u(s) = x*q(s) + 3*a(s). Determine u(4).
11
Suppose g + 8 = 57. Let k = g - 48. Let j(b) = -b. What is j(k)?
-1
Let p(i) = -6*i - 7*i - 12*i**3 + 14*i + i**3. Suppose 5*f - 263 = 147. Suppose f = -3*w + 79. Determine p(w).
10
Let a(o) = -o**3 + 8*o**2 - 7*o - 8. Let j = 754 + -354. Let k = j + -393. Give a(k).
-8
Let r(q) = -q**3 + 18*q**2 - 15*q - 28. Suppose -5*f + 4*v + 93 = 0, 6*f + 2*v = 79 + 19. Give r(f).
6
Let m = 25 + -25. Suppose -8*b + 3*b - 30 = m. Let d(z) = -2*z + 1. Let h(t) = 3*t - 6. Let r(u) = 2*d(u) + h(u). Calculate r(b).
2
Let b be ((-1)/((-2)/(-4)))/((-30)/(-9) + -4). Let k(g) = 5*g**2 - g + 2. What is k(b)?
44
Suppose 0 = -11*f - 49*f - 60. Let b(y) = -2*y**3 + y**2 - y - 2. Give b(f).
2
Let v(w) = -26*w**2 + 10*w - 16*w + 25*w**2 - 9. Determine v(-5).
-4
Let o(q) be the second derivative of 3*q**2 - 2 + 30*q + 1/2*q**3. Give o(-5).
-9
Suppose 4*p = 2*f + 32, 327*p + 20 = 328*p - 2*f. Let d(z) = z**3 - 6*z**2 + 5*z - 6. Calculate d(p).
-18
Let l(b) = b**2 + 65*b - 587. Let s be l(8). Let f(y) = 2*y**2 + 7*y + 3. Let q(x) = -6*x**2 - 22*x - 10. Let i(u) = 10*f(u) + 3*q(u). Determine i(s).
6
Let d(g) = -g. Let i(v) = -v - 4. Let s(y) = y + 1. Let o(c) = -i(c) + s(c). Let n be (5/20)/(3/(-12)). Let m(x) = n*o(x) - d(x). What is m(5)?
-10
Suppose 3*c = -i - 18, -5*c = -0*c + i + 30. Let u(k) be the second derivative of -k**4/12 - 3*k**3/2 - 3*k**2 - 4*k. Give u(c).
12
Let b(g) = -g - 6*g - 2*g. Suppose 529*u = 2*r + 532*u - 27, 0 = -3*r + 3*u - 12. What is b(r)?
-27
Let o(m) = -73*m + 4. Let d(j) = -79*j + 3. Let l(b) = -6*d(b) + 7*o(b). Calculate l(0).
10
Let z be (3/12*8)/(1/2). Suppose -9*w - z = -22. Let x(t) = 10*t**3 - 3*t**2 + 3*t**w + 2 - 11*t**3. Calculate x(-2).
10
Let g be (-1 - 17)/(-1)*(-25)/(-75). Suppose 32*y + g = 29*y. Let l(o) = o**2. Determine l(y).
4
Let q(a) = 6*a**2 - a. Let o(i) = 13*i**2 + 4*i + 12. Let b(j) = -o(j) + 2*q(j). What is b(-3)?
-3
Let j(c) be the second derivative of -c**5/20 - c**4/4 + c**3/3 + c**2 - 48*c + 12. Determine j(-4).
10
Let y(a) be the third derivative of -a**5/30 + a**4/6 - a**3/2 - 4171*a**2. Calculate y(5).
-33
Let t(p) = p**3 - 2*p**2 - p - 3. Let c be 14/4 + (-7)/(42/3). Suppose c*j - 6 = j. Let z be t(j). Let d(g) = -g**2 + 4*g. What is d(z)?
3
Let r(y) = -5*y**3 - 9*y**2 + 8*y + 16. Let b be r(-2). Let u(s) = 5*s + s**3 + 3*s**3 - 1 + 3*s**2 - 5*s**3. What is u(b)?
3
Let d(x) be the first derivative of -3*x**2 - 44*x + 1620. Determine d(-8).
4
Let r(q) be the second derivative of 7*q**3/2 + 4*q**2 - q + 3. Let k be r(-1). Let y(a) = a**3 + 14*a**2 + 14*a + 15. What is y(k)?
2
Let j = 7 - 1. Let u = 5180 + -3613. Let l(v) = -785*v - 784*v + u*v + 8. What is l(j)?
-4
Let o be -38 - -36 - (5 + -1)/2. Let c(x) = -8*x - 2. Calculate c(o).
30
Suppose 3 = 16*z - 109. Let c(d) = 3 - d**2 - 8*d + z - 7*d + 21*d. Calculate c(10).
-30
Let i(q) be the second derivative of 1/12*q**4 + 9/2*q**3 + 1/40*q**5 + 0*q**2 + 1/180*q**6 + 0 + 9*q. Let u(j) be the second derivative of i(j). Give u(-4).
22
Let u(a) = 14*a**3 + 104*a**2 + 13*a + 22. Let n(c) = 7*c**3 + 48*c**2 + 6*c + 10. Let s(z) = -13*n(z) + 6*u(z). Determine s(2).
-54
Let b(f) = -f**3 + 6*f**2 - f + 10. Suppose -124*a = 163 - 907. Calculate b(a).
4
Let j(l) = l**3 - 2*l**2 - 14*l + 6. Let r be j(7). Suppose -r - 72 = 25*p. Let i(x) = x**2 + 9*x + 7. Give i(p).
7
Let g(y) be the third derivative of y**8/2240 + y**7/5040 - y**6/360 - 59*y**5/60 - 18*y**2. Let z(x) be the third derivative of g(x). Give z(1).
8
Let x(s) = s**3 + 76*s**2 + 353*s - 146. Let z be x(-71). Let l(q) be the third derivative of -q**6/120 - q**5/10 - q**4/8 + q**3/3 - q**2. Determine l(z).
-18
Let i(l) = 17*l + 26*l - 37*l - 7 + 10*l**3. Let a(b) = b**3 + b - 2. Let v(c) = -4*a(c) + i(c). Let k(g) = g**3 - g**2 - 2*g - 1. Let r be k(2). Give v(r).
-7
Suppose -338 = 23*f - 1051. Suppose -5*p + f = i, 5*p - i - 33 = -4*i. Let z(b) be the first derivative of b**2/2 + 7*b - 1. Give z(p).
13
Let f(j) be the third derivative of 3*j**4 - 439*j**3/6 + j**2 + 639*j. What is f(6)?
-7
Let r(d) = d - 5. Let x(b) be the first derivative of 3*b**2/2 + 10*b - 298. Let n(h) = -h**3 + h**2 - 5. Let i be n(0). Let m be x(i). Calculate r(m).
-10
Let w(j) = -2*j**2 + 43*j + 74. Let a be (-184)/(-6)*(-306)/(-408). Determine w(a).
5
Let r(g) be the first derivative of g**4/2 + 4*g**3 + 7*g**2/2 + 6*g + 3051. Calculate r(-5).
21
Let m(l) be the third derivative of -l**5/60 - 5*l**4/24 - 7*l**3/6 - l**2. Let f = 468737 + -468743. Give m(f).
-13
Let b(j) = 6*j + 11. Let g(a) = 4*a - 10. Let o(i) = 55*i - 130. Let m(n) = 40*g(n) - 3*o(n). Let f(k) = 4*b(k) + 5*m(k). Give f(-6).
0
Let h(r) = -2*r**3 + 33*r**2 - 18*r + 38. Suppose -t - 5*t + 9*t - 48 = 0. Calculate h(t).
6
Let v(f) = 5*f - 3. Suppose -2*p = -4*g + 14, -5*g = 14*p - 12*p - 31. Let b be (11 - 11)/p + -1 + 3. Give v(b).
7
Let z(d) = d**2 + 7*d - 4. Suppose 58 = -6*p + 41*p + 198. What is z(p)?
-16
Let j(l) = -7*l**2 + 38*l + 22. Let x(a) = 9*a**2 - 39*a - 13. Let b(w) = -5*j(w) - 4*x(w). Determine b(-32).
6
Let i(j) = -j - 1. Let s(t) = -t**2 + 12*t + 10. Let u(l) = -5*i(l) - s(l). Let g be 25/((-250)/60) + 1*14. Let y be u(g). Let z(d) = d + 3. Calculate z(y).
6
Suppose -1021 = -8*c - 1077. Let l(v) = 5*v + 0 - 3 - 2 + v**2. Calculate l(c).
9
Let b be -2 + 1 - 2 - (-25)/((-950)/(-1026)). Let o(k) = k**2 - 22*k - 46. Determine o(b).
2
Suppose 0 = 3*h - 10*y + 9*y - 6, 0 = 3*h - 3*y. Suppose 3*i = 4*c - 11, 0*c = -5*i + h*c - 11. Let t(m) = -10*m**2 + m + 2. Give t(i).
-9
Let b = 50 - 47. Suppose n + h = -b*h + 15, 5*h = 10. Let u(i) = i**3 - 7*i**2 + 2*i - 8. Determine u(n).
6
Let y(s) be the first derivative of -s**2 - 18*s - 2680. Give y(-22).
26
Let z(k) be the second derivative of k**4/12 + k**3/3 + 63*k**2/2 + 1234*k. Give z(0).
63
Let x(l) = 5997*l + 5997*l - 18001*l - 21 + 6008*l. Calculate x(18).
-3
Let j(q) = 5*q + 31. Let k = 190 - 197. Let t be j(k). Let f(p) = -5*p**2 + 2*p - 4. Let g(z) = -6*z**2 + 2*z - 4. Let w(o) = 7*f(o) - 6*g(o). Determine w(t).
4
Let l(g) be the third derivative of -7*g**4/24 - g**3/6 - g**2. Let i be (-3 + -3)*(-5)/6 + -3. Suppose i*z = -3*h + 4, 5*h + 2 - 16 = 4*z. What is l(h)?
-15
Let v(p) = -p**3 + p + 41. Let x be v(0). Let w = 225 - 262. Let a = w + x. Let r(y) = y - 2. Give r(a).
2
Let v be -6 - (0 + 2